{"id":17,"date":"2022-02-14T18:18:59","date_gmt":"2022-02-14T18:18:59","guid":{"rendered":"https:\/\/www.flocatsitter.fr\/?page_id=17"},"modified":"2022-05-30T17:14:29","modified_gmt":"2022-05-30T15:14:29","slug":"contact","status":"publish","type":"page","link":"https:\/\/www.flocatsitter.fr\/?page_id=17","title":{"rendered":"Contact"},"content":{"rendered":"\t\t<div data-elementor-type=\"wp-page\" data-elementor-id=\"17\" class=\"elementor elementor-17\">\n\t\t\t\t\t\t<section class=\"elementor-section elementor-top-section elementor-element elementor-element-57064e7 elementor-section-boxed elementor-section-height-default elementor-section-height-default\" data-id=\"57064e7\" data-element_type=\"section\" data-e-type=\"section\">\n\t\t\t\t\t\t<div class=\"elementor-container elementor-column-gap-default\">\n\t\t\t\t\t<div class=\"elementor-column elementor-col-50 elementor-top-column elementor-element elementor-element-9cdd0ee\" data-id=\"9cdd0ee\" data-element_type=\"column\" data-e-type=\"column\">\n\t\t\t<div class=\"elementor-widget-wrap elementor-element-populated\">\n\t\t\t\t\t\t<div class=\"elementor-element elementor-element-0e5739e elementor-view-default elementor-position-block-start elementor-mobile-position-block-start elementor-widget elementor-widget-icon-box\" data-id=\"0e5739e\" data-element_type=\"widget\" data-e-type=\"widget\" data-widget_type=\"icon-box.default\">\n\t\t\t\t<div class=\"elementor-widget-container\">\n\t\t\t\t\t\t\t<div class=\"elementor-icon-box-wrapper\">\n\n\t\t\t\t\t\t<div class=\"elementor-icon-box-icon\">\n\t\t\t\t<a href=\"tel:+33764551659\" class=\"elementor-icon\" tabindex=\"-1\" aria-label=\"07 64 55 16 59\">\n\t\t\t\t<i aria-hidden=\"true\" class=\"fas fa-phone-alt\"><\/i>\t\t\t\t<\/a>\n\t\t\t<\/div>\n\t\t\t\n\t\t\t\t\t\t<div class=\"elementor-icon-box-content\">\n\n\t\t\t\t\t\t\t\t\t<h3 class=\"elementor-icon-box-title\">\n\t\t\t\t\t\t<a href=\"tel:+33764551659\" >\n\t\t\t\t\t\t\t07 64 55 16 59\t\t\t\t\t\t<\/a>\n\t\t\t\t\t<\/h3>\n\t\t\t\t\n\t\t\t\t\n\t\t\t<\/div>\n\t\t\t\n\t\t<\/div>\n\t\t\t\t\t\t<\/div>\n\t\t\t\t<\/div>\n\t\t\t\t\t<\/div>\n\t\t<\/div>\n\t\t\t\t<div class=\"elementor-column elementor-col-50 elementor-top-column elementor-element elementor-element-738416b\" data-id=\"738416b\" data-element_type=\"column\" data-e-type=\"column\">\n\t\t\t<div class=\"elementor-widget-wrap elementor-element-populated\">\n\t\t\t\t\t\t<div class=\"elementor-element elementor-element-edf1e5e elementor-view-default elementor-position-block-start elementor-mobile-position-block-start elementor-widget elementor-widget-icon-box\" data-id=\"edf1e5e\" data-element_type=\"widget\" data-e-type=\"widget\" data-widget_type=\"icon-box.default\">\n\t\t\t\t<div class=\"elementor-widget-container\">\n\t\t\t\t\t\t\t<div class=\"elementor-icon-box-wrapper\">\n\n\t\t\t\t\t\t<div class=\"elementor-icon-box-icon\">\n\t\t\t\t<a href=\"mailto:contact@flocatsitter.fr\" class=\"elementor-icon\" tabindex=\"-1\" aria-label=\"contact@flocatsitter.fr\">\n\t\t\t\t<i aria-hidden=\"true\" class=\"fas fa-envelope\"><\/i>\t\t\t\t<\/a>\n\t\t\t<\/div>\n\t\t\t\n\t\t\t\t\t\t<div class=\"elementor-icon-box-content\">\n\n\t\t\t\t\t\t\t\t\t<h3 class=\"elementor-icon-box-title\">\n\t\t\t\t\t\t<a href=\"mailto:contact@flocatsitter.fr\" >\n\t\t\t\t\t\t\tcontact@flocatsitter.fr\t\t\t\t\t\t<\/a>\n\t\t\t\t\t<\/h3>\n\t\t\t\t\n\t\t\t\t\n\t\t\t<\/div>\n\t\t\t\n\t\t<\/div>\n\t\t\t\t\t\t<\/div>\n\t\t\t\t<\/div>\n\t\t\t\t\t<\/div>\n\t\t<\/div>\n\t\t\t\t\t<\/div>\n\t\t<\/section>\n\t\t\t\t<section class=\"elementor-section elementor-top-section elementor-element elementor-element-455d616 elementor-section-boxed elementor-section-height-default elementor-section-height-default\" data-id=\"455d616\" data-element_type=\"section\" data-e-type=\"section\">\n\t\t\t\t\t\t<div class=\"elementor-container elementor-column-gap-default\">\n\t\t\t\t\t<div class=\"elementor-column elementor-col-100 elementor-top-column elementor-element elementor-element-113adc2e\" data-id=\"113adc2e\" data-element_type=\"column\" data-e-type=\"column\">\n\t\t\t<div class=\"elementor-widget-wrap elementor-element-populated\">\n\t\t\t\t\t\t<div class=\"elementor-element elementor-element-1eea407 elementor-widget elementor-widget-heading\" data-id=\"1eea407\" data-element_type=\"widget\" data-e-type=\"widget\" data-widget_type=\"heading.default\">\n\t\t\t\t<div class=\"elementor-widget-container\">\n\t\t\t\t\t<h1 class=\"elementor-heading-title elementor-size-default\">FORMULAIRE DE CONTACT POUR RECEVOIR VOTRE DEVIS GRATUIT<\/h1>\t\t\t\t<\/div>\n\t\t\t\t<\/div>\n\t\t\t\t\t<\/div>\n\t\t<\/div>\n\t\t\t\t\t<\/div>\n\t\t<\/section>\n\t\t\t\t<section class=\"elementor-section elementor-top-section elementor-element elementor-element-24293b3 elementor-section-boxed elementor-section-height-default elementor-section-height-default\" data-id=\"24293b3\" data-element_type=\"section\" data-e-type=\"section\">\n\t\t\t\t\t\t<div class=\"elementor-container elementor-column-gap-default\">\n\t\t\t\t\t<div class=\"elementor-column elementor-col-100 elementor-top-column elementor-element elementor-element-ab0cce7\" data-id=\"ab0cce7\" data-element_type=\"column\" data-e-type=\"column\">\n\t\t\t<div class=\"elementor-widget-wrap elementor-element-populated\">\n\t\t\t\t\t\t<div class=\"elementor-element elementor-element-28e92f9 elementor-widget elementor-widget-shortcode\" data-id=\"28e92f9\" data-element_type=\"widget\" data-e-type=\"widget\" data-widget_type=\"shortcode.default\">\n\t\t\t\t<div class=\"elementor-widget-container\">\n\t\t\t\t\t\t\t<div class=\"elementor-shortcode\"><div class=\"wpforms-container wpforms-container-full\" id=\"wpforms-783\"><form id=\"wpforms-form-783\" class=\"wpforms-validate wpforms-form wpforms-ajax-form\" data-formid=\"783\" method=\"post\" enctype=\"multipart\/form-data\" action=\"\/index.php?rest_route=%2Fwp%2Fv2%2Fpages%2F17\" data-token=\"9b39d7c08705bb78fabcb170f4ea9fae\" data-token-time=\"1778668158\"><noscript class=\"wpforms-error-noscript\">Veuillez activer JavaScript dans votre navigateur pour remplir ce formulaire.<\/noscript><div class=\"wpforms-field-container\"><div id=\"wpforms-783-field_0-container\" class=\"wpforms-field wpforms-field-name\" data-field-id=\"0\"><label class=\"wpforms-field-label wpforms-label-hide\" for=\"wpforms-783-field_0\">Nom <span class=\"wpforms-required-label\">*<\/span><\/label><div class=\"wpforms-field-row wpforms-field-medium\"><div class=\"wpforms-field-row-block wpforms-first wpforms-one-half\"><input type=\"text\" id=\"wpforms-783-field_0\" class=\"wpforms-field-name-first wpforms-field-required\" name=\"wpforms[fields][0][first]\" placeholder=\"Pr\u00e9nom*\" required><label for=\"wpforms-783-field_0\" class=\"wpforms-field-sublabel after wpforms-sublabel-hide\">Pr\u00e9nom<\/label><\/div><div class=\"wpforms-field-row-block wpforms-one-half\"><input type=\"text\" id=\"wpforms-783-field_0-last\" class=\"wpforms-field-name-last wpforms-field-required\" name=\"wpforms[fields][0][last]\" placeholder=\"Nom*\" required><label for=\"wpforms-783-field_0-last\" class=\"wpforms-field-sublabel after wpforms-sublabel-hide\">Nom<\/label><\/div><\/div><\/div><div id=\"wpforms-783-field_3-container\" class=\"wpforms-field wpforms-field-text\" data-field-id=\"3\"><label class=\"wpforms-field-label wpforms-label-hide\" for=\"wpforms-783-field_3\">Adresse <span class=\"wpforms-required-label\">*<\/span><\/label><input type=\"text\" id=\"wpforms-783-field_3\" class=\"wpforms-field-medium wpforms-field-required\" name=\"wpforms[fields][3]\" placeholder=\"Adresse*\" required><\/div><div id=\"wpforms-783-field_17-container\" class=\"wpforms-field wpforms-field-text\" data-field-id=\"17\"><label class=\"wpforms-field-label wpforms-label-hide\" for=\"wpforms-783-field_17\">Code Postal <span class=\"wpforms-required-label\">*<\/span><\/label><input type=\"text\" id=\"wpforms-783-field_17\" class=\"wpforms-field-small wpforms-field-required\" name=\"wpforms[fields][17]\" placeholder=\"Code postal*\" required><\/div><div id=\"wpforms-783-field_18-container\" class=\"wpforms-field wpforms-field-text\" data-field-id=\"18\"><label class=\"wpforms-field-label wpforms-label-hide\" for=\"wpforms-783-field_18\">Ville <span class=\"wpforms-required-label\">*<\/span><\/label><input type=\"text\" id=\"wpforms-783-field_18\" class=\"wpforms-field-small wpforms-field-required\" name=\"wpforms[fields][18]\" placeholder=\"Ville*\" required><\/div><div id=\"wpforms-783-field_4-container\" class=\"wpforms-field wpforms-field-text\" data-field-id=\"4\"><label class=\"wpforms-field-label wpforms-label-hide\" for=\"wpforms-783-field_4\">T\u00e9l* <span class=\"wpforms-required-label\">*<\/span><\/label><input type=\"text\" id=\"wpforms-783-field_4\" class=\"wpforms-field-small wpforms-field-required\" name=\"wpforms[fields][4]\" placeholder=\"T\u00e9l*\" required><\/div><div id=\"wpforms-783-field_1-container\" class=\"wpforms-field wpforms-field-email\" data-field-id=\"1\"><label class=\"wpforms-field-label wpforms-label-hide\" for=\"wpforms-783-field_1\">Email <span class=\"wpforms-required-label\">*<\/span><\/label><div class=\"wpforms-field-row wpforms-field-medium\"><div class=\"wpforms-field-row-block wpforms-one-half wpforms-first\"><input type=\"email\" id=\"wpforms-783-field_1\" class=\"wpforms-field-required wpforms-field-email-primary\" name=\"wpforms[fields][1][primary]\" placeholder=\"Email*\" spellcheck=\"false\" required><label for=\"wpforms-783-field_1\" class=\"wpforms-field-sublabel after wpforms-sublabel-hide\">E-mail<\/label><\/div><div class=\"wpforms-field-row-block wpforms-one-half\"><input type=\"email\" id=\"wpforms-783-field_1-secondary\" class=\"wpforms-field-email-secondary wpforms-field-required\" data-rule-confirm=\"#wpforms-783-field_1\" name=\"wpforms[fields][1][secondary]\" placeholder=\"confirmez votre Email*\" spellcheck=\"false\" required><label for=\"wpforms-783-field_1-secondary\" class=\"wpforms-field-sublabel after wpforms-sublabel-hide\">Confirmez l\u2019e-mail<\/label><\/div><\/div><\/div><div id=\"wpforms-783-field_5-container\" class=\"wpforms-field wpforms-field-text\" data-field-id=\"5\"><label class=\"wpforms-field-label wpforms-label-hide\" for=\"wpforms-783-field_5\">Date(s) souhait\u00e9e(s) <span class=\"wpforms-required-label\">*<\/span><\/label><input type=\"text\" id=\"wpforms-783-field_5\" class=\"wpforms-field-large wpforms-field-required\" name=\"wpforms[fields][5]\" placeholder=\"Date(s) souhait\u00e9e(s)*\" required><\/div><div id=\"wpforms-783-field_8-container\" class=\"wpforms-field wpforms-field-select wpforms-field-select-style-classic\" data-field-id=\"8\"><label class=\"wpforms-field-label\" for=\"wpforms-783-field_8\">Nombre de chats <span class=\"wpforms-required-label\">*<\/span><\/label><select id=\"wpforms-783-field_8\" class=\"wpforms-field-small wpforms-field-required\" name=\"wpforms[fields][8]\" required=\"required\"><option value=\"1\"  class=\"choice-1 depth-1\"  >1<\/option><option value=\"2\"  class=\"choice-2 depth-1\"  >2<\/option><option value=\"3\"  class=\"choice-3 depth-1\"  >3<\/option><option value=\"4\"  class=\"choice-4 depth-1\"  >4<\/option><option value=\"5\"  class=\"choice-5 depth-1\"  >5<\/option><option value=\"6 et plus\"  class=\"choice-6 depth-1\"  >6 et plus<\/option><\/select><\/div><div id=\"wpforms-783-field_6-container\" class=\"wpforms-field wpforms-field-select wpforms-one-half wpforms-one-third wpforms-first wpforms-field-select-style-classic\" data-field-id=\"6\"><label class=\"wpforms-field-label\" for=\"wpforms-783-field_6\">Nombre de visite(s) par jour <span class=\"wpforms-required-label\">*<\/span><\/label><select id=\"wpforms-783-field_6\" class=\"wpforms-field-small wpforms-field-required\" name=\"wpforms[fields][6]\" required=\"required\"><option value=\"1\"  selected='selected' class=\"choice-1 depth-1\"  >1<\/option><option value=\"2\"  class=\"choice-3 depth-1\"  >2<\/option><\/select><\/div><div id=\"wpforms-783-field_12-container\" class=\"wpforms-field wpforms-field-radio wpforms-list-inline\" data-field-id=\"12\"><label class=\"wpforms-field-label\">Cliquez sur Formule choisie <span class=\"wpforms-required-label\">*<\/span><\/label><ul id=\"wpforms-783-field_12\" class=\"wpforms-field-required wpforms-image-choices wpforms-image-choices-modern\"><li class=\"choice-1 depth-1 wpforms-image-choices-item\"><label class=\"wpforms-field-label-inline\" for=\"wpforms-783-field_12_1\" tabindex=\"0\"><span class=\"wpforms-image-choices-image\"><img decoding=\"async\" src=\"https:\/\/www.flocatsitter.fr\/wp-content\/uploads\/2022\/05\/Horloge.webp\" alt=\"FORMULE 30 MIN\" title=\"FORMULE 30 MIN\"><\/span><input type=\"radio\" id=\"wpforms-783-field_12_1\" class=\"wpforms-screen-reader-element\" name=\"wpforms[fields][12]\" value=\"FORMULE 30 MIN\" tabindex=\"-1\" required ><span class=\"wpforms-image-choices-label\">FORMULE 30 MIN<\/span><\/label><\/li><li class=\"choice-3 depth-1 wpforms-image-choices-item\"><label class=\"wpforms-field-label-inline\" for=\"wpforms-783-field_12_3\" tabindex=\"0\"><span class=\"wpforms-image-choices-image\"><img decoding=\"async\" src=\"https:\/\/www.flocatsitter.fr\/wp-content\/uploads\/2022\/05\/Horloge.webp\" alt=\"FORMULE 45 MIN\" title=\"FORMULE 45 MIN\"><\/span><input type=\"radio\" id=\"wpforms-783-field_12_3\" class=\"wpforms-screen-reader-element\" name=\"wpforms[fields][12]\" value=\"FORMULE 45 MIN\" tabindex=\"-1\" required ><span class=\"wpforms-image-choices-label\">FORMULE 45 MIN<\/span><\/label><\/li><li class=\"choice-2 depth-1 wpforms-image-choices-item\"><label class=\"wpforms-field-label-inline\" for=\"wpforms-783-field_12_2\" tabindex=\"0\"><span class=\"wpforms-image-choices-image\"><img decoding=\"async\" src=\"https:\/\/www.flocatsitter.fr\/wp-content\/uploads\/2022\/05\/Horloge.webp\" alt=\"FORMULE 1 H\" title=\"FORMULE 1 H\"><\/span><input type=\"radio\" id=\"wpforms-783-field_12_2\" class=\"wpforms-screen-reader-element\" name=\"wpforms[fields][12]\" value=\"FORMULE 1 H\" tabindex=\"-1\" required ><span class=\"wpforms-image-choices-label\">FORMULE 1 H<\/span><\/label><\/li><\/ul><\/div><div id=\"wpforms-783-field_10-container\" class=\"wpforms-field wpforms-field-checkbox\" data-field-id=\"10\"><label class=\"wpforms-field-label\">Avez-vous un parking gratuit \u00e0 proximit\u00e9 <span class=\"wpforms-required-label\">*<\/span><\/label><ul id=\"wpforms-783-field_10\" class=\"wpforms-field-required\"><li class=\"choice-1 depth-1\"><input type=\"checkbox\" id=\"wpforms-783-field_10_1\" name=\"wpforms[fields][10][]\" value=\"oui\" required ><label class=\"wpforms-field-label-inline\" for=\"wpforms-783-field_10_1\">oui<\/label><\/li><li class=\"choice-2 depth-1\"><input type=\"checkbox\" id=\"wpforms-783-field_10_2\" name=\"wpforms[fields][10][]\" value=\"non\" required ><label class=\"wpforms-field-label-inline\" for=\"wpforms-783-field_10_2\">non<\/label><\/li><\/ul><\/div><div id=\"wpforms-783-field_11-container\" class=\"wpforms-field wpforms-field-select wpforms-field-select-style-classic\" data-field-id=\"11\"><label class=\"wpforms-field-label\" for=\"wpforms-783-field_11\">Pour vos cl\u00e9s <span class=\"wpforms-required-label\">*<\/span><\/label><select id=\"wpforms-783-field_11\" class=\"wpforms-field-medium wpforms-field-required\" name=\"wpforms[fields][11]\" required=\"required\"><option value=\"je les laisse dans votre bo\u00eete aux lettres (attention en cas de vol seul le client est responsable))\"  class=\"choice-1 depth-1\"  >je les laisse dans votre bo\u00eete aux lettres (attention en cas de vol seul le client est responsable))<\/option><option value=\"je vous les rends en main propre (payant)\"  class=\"choice-2 depth-1\"  >je vous les rends en main propre (payant)<\/option><option value=\"je les garde pour une prochaine prestation (gratuit)\"  class=\"choice-3 depth-1\"  >je les garde pour une prochaine prestation (gratuit)<\/option><option value=\"vous vous d\u00e9placez au si\u00e8ge pour les r\u00e9cup\u00e9rer\"  class=\"choice-4 depth-1\"  >vous vous d\u00e9placez au si\u00e8ge pour les r\u00e9cup\u00e9rer<\/option><\/select><\/div><div id=\"wpforms-783-field_2-container\" class=\"wpforms-field wpforms-field-textarea\" data-field-id=\"2\"><label class=\"wpforms-field-label\" for=\"wpforms-783-field_2\">Message<\/label><textarea id=\"wpforms-783-field_2\" class=\"wpforms-field-medium\" name=\"wpforms[fields][2]\" ><\/textarea><\/div><div id=\"wpforms-783-field_13-container\" class=\"wpforms-field wpforms-field-gdpr-checkbox\" data-field-id=\"13\"><label class=\"wpforms-field-label wpforms-label-hide\">Consentement RGPD <span class=\"wpforms-required-label\">*<\/span><\/label><ul id=\"wpforms-783-field_13\" class=\"wpforms-field-required\"><li class=\"choice-1\"><input type=\"checkbox\" id=\"wpforms-783-field_13_1\" name=\"wpforms[fields][13][]\" value=\"J&#039;accepte que mes donn\u00e9es soient trait\u00e9es par FLOCATSITTER pour m&#039;envoyer un devis gratuit en rapport  avec ma demande de garde de chat \u00e0 domicile. Vos donn\u00e9es sont conserv\u00e9es conform\u00e9ment \u00e0 notre politique de confidentialit\u00e9. vos donn\u00e9es sont s\u00e9curis\u00e9es. Elles ne seront ni partag\u00e9es ni revendues. Vous pourrez \u00e0 tout moment vous d\u00e9sinscrire en nous \u00e9crivant \u00e0 l&#039;adresse : contact@flocatsitter.fr \" required ><label class=\"wpforms-field-label-inline\" for=\"wpforms-783-field_13_1\">J'accepte que mes donn\u00e9es soient trait\u00e9es par FLOCATSITTER pour m'envoyer un devis gratuit en rapport  avec ma demande de garde de chat \u00e0 domicile. Vos donn\u00e9es sont conserv\u00e9es conform\u00e9ment \u00e0 notre politique de confidentialit\u00e9. vos donn\u00e9es sont s\u00e9curis\u00e9es. Elles ne seront ni partag\u00e9es ni revendues. Vous pourrez \u00e0 tout moment vous d\u00e9sinscrire en nous \u00e9crivant \u00e0 l'adresse : contact@flocatsitter.fr  <span class=\"wpforms-required-label\">*<\/span><\/label><\/li><\/ul><\/div><div id=\"wpforms-783-field_16-container\" class=\"wpforms-field wpforms-field-gdpr-checkbox\" data-field-id=\"16\"><label class=\"wpforms-field-label wpforms-label-hide\">CGV <span class=\"wpforms-required-label\">*<\/span><\/label><ul id=\"wpforms-783-field_16\" class=\"wpforms-field-required\"><li class=\"choice-1\"><input type=\"checkbox\" id=\"wpforms-783-field_16_1\" name=\"wpforms[fields][16][]\" value=\"J&#039;ai lu et j&#039;accepte les Conditions G\u00e9n\u00e9rales de Vente\" required ><label class=\"wpforms-field-label-inline\" for=\"wpforms-783-field_16_1\">J'ai lu et j'accepte les Conditions G\u00e9n\u00e9rales de Vente <span class=\"wpforms-required-label\">*<\/span><\/label><\/li><\/ul><\/div><\/div><!-- .wpforms-field-container --><div class=\"wpforms-submit-container\" ><input type=\"hidden\" name=\"wpforms[id]\" value=\"783\"><input type=\"hidden\" name=\"page_title\" value=\"\"><input type=\"hidden\" name=\"page_url\" value=\"https:\/\/www.flocatsitter.fr\/index.php?rest_route=\/wp\/v2\/pages\/17\"><input type=\"hidden\" name=\"url_referer\" value=\"\"><button type=\"submit\" name=\"wpforms[submit]\" id=\"wpforms-submit-783\" class=\"wpforms-submit\" data-alt-text=\"envoi en cours\" data-submit-text=\"OBTENIR UN DEVIS GRATUIT\" aria-live=\"assertive\" value=\"wpforms-submit\">OBTENIR UN DEVIS GRATUIT<\/button><img decoding=\"async\" src=\"https:\/\/www.flocatsitter.fr\/wp-content\/plugins\/wpforms-lite\/assets\/images\/submit-spin.svg\" class=\"wpforms-submit-spinner\" style=\"display: none;\" width=\"26\" height=\"26\" alt=\"Chargement en cours\"><\/div><\/form><\/div>  <!-- .wpforms-container --><\/div>\n\t\t\t\t\t\t<\/div>\n\t\t\t\t<\/div>\n\t\t\t\t\t<\/div>\n\t\t<\/div>\n\t\t\t\t\t<\/div>\n\t\t<\/section>\n\t\t\t\t<\/div>\n\t\t","protected":false},"excerpt":{"rendered":"<p>07 64 55 16 59 contact@flocatsitter.fr FORMULAIRE DE CONTACT POUR RECEVOIR VOTRE DEVIS GRATUIT<\/p>\n","protected":false},"author":4,"featured_media":0,"parent":0,"menu_order":0,"comment_status":"closed","ping_status":"closed","template":"","meta":{"ocean_post_layout":"","ocean_both_sidebars_style":"","ocean_both_sidebars_content_width":0,"ocean_both_sidebars_sidebars_width":0,"ocean_sidebar":"0","ocean_second_sidebar":"0","ocean_disable_margins":"enable","ocean_add_body_class":"","ocean_shortcode_before_top_bar":"","ocean_shortcode_after_top_bar":"","ocean_shortcode_before_header":"","ocean_shortcode_after_header":"","ocean_has_shortcode":"","ocean_shortcode_after_title":"","ocean_shortcode_before_footer_widgets":"","ocean_shortcode_after_footer_widgets":"","ocean_shortcode_before_footer_bottom":"","ocean_shortcode_after_footer_bottom":"","ocean_display_top_bar":"off","ocean_display_header":"default","ocean_header_style":"","ocean_center_header_left_menu":"0","ocean_custom_header_template":"0","ocean_custom_logo":0,"ocean_custom_retina_logo":0,"ocean_custom_logo_max_width":0,"ocean_custom_logo_tablet_max_width":0,"ocean_custom_logo_mobile_max_width":0,"ocean_custom_logo_max_height":0,"ocean_custom_logo_tablet_max_height":0,"ocean_custom_logo_mobile_max_height":0,"ocean_header_custom_menu":"0","ocean_menu_typo_font_family":"0","ocean_menu_typo_font_subset":"","ocean_menu_typo_font_size":0,"ocean_menu_typo_font_size_tablet":0,"ocean_menu_typo_font_size_mobile":0,"ocean_menu_typo_font_size_unit":"px","ocean_menu_typo_font_weight":"","ocean_menu_typo_font_weight_tablet":"","ocean_menu_typo_font_weight_mobile":"","ocean_menu_typo_transform":"","ocean_menu_typo_transform_tablet":"","ocean_menu_typo_transform_mobile":"","ocean_menu_typo_line_height":0,"ocean_menu_typo_line_height_tablet":0,"ocean_menu_typo_line_height_mobile":0,"ocean_menu_typo_line_height_unit":"","ocean_menu_typo_spacing":0,"ocean_menu_typo_spacing_tablet":0,"ocean_menu_typo_spacing_mobile":0,"ocean_menu_typo_spacing_unit":"","ocean_menu_link_color":"","ocean_menu_link_color_hover":"","ocean_menu_link_color_active":"","ocean_menu_link_background":"","ocean_menu_link_hover_background":"","ocean_menu_link_active_background":"","ocean_menu_social_links_bg":"","ocean_menu_social_hover_links_bg":"","ocean_menu_social_links_color":"","ocean_menu_social_hover_links_color":"","ocean_disable_title":"on","ocean_disable_heading":"default","ocean_post_title":"","ocean_post_subheading":"","ocean_post_title_style":"","ocean_post_title_background_color":"","ocean_post_title_background":0,"ocean_post_title_bg_image_position":"","ocean_post_title_bg_image_attachment":"","ocean_post_title_bg_image_repeat":"","ocean_post_title_bg_image_size":"","ocean_post_title_height":0,"ocean_post_title_bg_overlay":0.5,"ocean_post_title_bg_overlay_color":"","ocean_disable_breadcrumbs":"default","ocean_breadcrumbs_color":"","ocean_breadcrumbs_separator_color":"","ocean_breadcrumbs_links_color":"","ocean_breadcrumbs_links_hover_color":"","ocean_display_footer_widgets":"default","ocean_display_footer_bottom":"default","ocean_custom_footer_template":"0","footnotes":""},"class_list":["post-17","page","type-page","status-publish","hentry","entry"],"_links":{"self":[{"href":"https:\/\/www.flocatsitter.fr\/index.php?rest_route=\/wp\/v2\/pages\/17","targetHints":{"allow":["GET"]}}],"collection":[{"href":"https:\/\/www.flocatsitter.fr\/index.php?rest_route=\/wp\/v2\/pages"}],"about":[{"href":"https:\/\/www.flocatsitter.fr\/index.php?rest_route=\/wp\/v2\/types\/page"}],"author":[{"embeddable":true,"href":"https:\/\/www.flocatsitter.fr\/index.php?rest_route=\/wp\/v2\/users\/4"}],"replies":[{"embeddable":true,"href":"https:\/\/www.flocatsitter.fr\/index.php?rest_route=%2Fwp%2Fv2%2Fcomments&post=17"}],"version-history":[{"count":0,"href":"https:\/\/www.flocatsitter.fr\/index.php?rest_route=\/wp\/v2\/pages\/17\/revisions"}],"wp:attachment":[{"href":"https:\/\/www.flocatsitter.fr\/index.php?rest_route=%2Fwp%2Fv2%2Fmedia&parent=17"}],"curies":[{"name":"wp","href":"https:\/\/api.w.org\/{rel}","templated":true}]}}